33*i - 129*i. What is the remainder when i is divided by 75?
29
Suppose u + 29*b - 70 = 31*b, -2*u + 3*b + 135 = 0. What is the remainder when 1617 is divided by u?
57
Let v be (16/3 - 1)*-6. Suppose 7*g = 4*g + 4*w + 217, g - w = 72. What is the remainder when g is divided by 20/130 - 386/v?
11
Let s = -95 + 303. Suppose -s - 520 = -7*c. What is the remainder when c is divided by 35?
34
Let f(m) = -2*m + 9. Let q be f(2). Suppose -4*b + t = -5, -5*b - q = -3*t + 4*t. Calculate the remainder when (-26)/3*(b - 12/8) is divided by 7.
6
Let l(a) = 28*a - 72. Let b = -9 + 2. Let h(y) = -9*y + 24. Let j(p) = b*h(p) - 2*l(p). Calculate the remainder when j(16) is divided by 15.
13
Let m(c) = 4*c + 1. Let h be m(-23). Let g = -79 - h. Suppose 2*p - x - g = -p, 20 = p + 5*x. Calculate the remainder when 5 is divided by p.
0
Suppose -w = 5*x - 2*w - 15, -x + 4*w = 16. Suppose 3*m - g + 122 = -71, -g = -x. Let u = 122 + m. What is the remainder when u is divided by 22?
15
Suppose 56*r - 16 = 264. Suppose -2*u = r*w - 48, 2*u + 86 = 7*u + 4*w. Calculate the remainder when u is divided by 11.
3
Let t be ((-934)/8)/(3 + 22/(-8)). Let v = 487 + t. Calculate the remainder when 58 is divided by v.
18
Let y = 47 + -26. Let i(q) = -6*q**2 + q**2 - 26 - 23*q + 6*q**2 + 51 + 44. What is the remainder when i(y) is divided by 10?
7
Suppose 0 = 3*p - 6*p + 42. What is the remainder when (-8 + 2 + 0)*(-495)/27 is divided by p?
12
Let t(u) = -48*u - 162. Calculate the remainder when 136 is divided by t(-6).
10
Suppose -149 - 667 = -0*u - 48*u. Calculate the remainder when 2238 is divided by u.
11
Let z = 25743 + -1725. Calculate the remainder when z is divided by 51.
48
Suppose 61*j = 44*j - 29*j + 368. Let d(y) = y**3 + 3*y - 10*y**2 + 2*y**2 + 5 + 2*y. Calculate the remainder when 88 is divided by d(j).
43
Suppose 4*o - 5*o + 54 = 0. Suppose -29*b = -35*b + 1242. Let s = b - 179. Calculate the remainder when o is divided by s.
26
Let w(d) = 6*d**3 - 1. Let b(q) = q**3 - 12*q**2 + 10*q + 13. Let l be b(11). Calculate the remainder when -21*(-28)/(-21)*(-1)/l is divided by w(1).
4
Let t(n) = -5*n - 10. Let s(m) = 24*m + 40. Let f(z) = 2*s(z) + 9*t(z). Calculate the remainder when 190 is divided by f(14).
30
Let u(b) = b**2 + 8*b. Let z be u(-9). What is the remainder when (165/(-2))/(z/(-12)) is divided by 28?
26
Let u(g) = -147*g + 2522. Calculate the remainder when 4138 is divided by u(17).
21
Suppose 186 + 70 = 12*v + 16. Suppose m - c = 24, -3*m + 0*m = -4*c - 75. Calculate the remainder when m is divided by v.
1
Suppose -9*r = 24 - 87. What is the remainder when 206/(-2 + r + -3) is divided by 32?
7
Let v(r) = -2*r**2 + 71*r + 128. What is the remainder when v(33) is divided by 177?
116
Suppose 1581*u - 38175 = 1566*u. What is the remainder when u is divided by 182?
179
What is the remainder when 1*-9 - (188 + -412) is divided by 7?
5
Let j be ((20 - 10) + -34)*50/(-3). Let x = j + -244. Calculate the remainder when 167 is divided by x.
11
Suppose -46604 = -275*t + 153*t. Calculate the remainder when 772 is divided by t.
8
Suppose -46*i - 3*i - 174*i = -8474. Calculate the remainder when 1479 is divided by i.
35
Suppose 0 = -1452*b + 1437*b + 3180. What is the remainder when 221 is divided by b?
9
Let f(r) = 2*r. Let s(o) = -13*o - 53. Let l(c) = -4*f(c) - s(c). Calculate the remainder when l(36) is divided by 39.
38
Suppose -130982 = 88*b - 199864 - 157982. Calculate the remainder when b is divided by 856.
10
Let o(q) = -2 + 4*q + 2 + 1. Let r be o(-4). Let w = 17 - r. What is the remainder when 127 is divided by w?
31
Let z be ((-12)/4 - -6) + 23. Suppose 2*n - z = -6. What is the remainder when 157 is divided by n?
7
Let l(p) = p**2 - 9*p - 2. Let z be l(10). What is the remainder when 168 is divided by z/(-14)*140/(-8)?
8
Suppose 1386 = -28*s + 10*s. Let z = 931 + s. What is the remainder when z is divided by 57?
56
Suppose -6*n + 4226 - 4208 = 0. What is the remainder when 148 is divided by n?
1
Calculate the remainder when ((-8)/(-6))/((-296)/(-1998)) - -708 is divided by 171.
33
What is the remainder when 601 is divided by (-48)/18 + 1288/24?
40
Let f be (-3)/((-28)/(-210) - (-242)/(-1140)). Suppose -p - i + f = -49, -p - 4*i = -93. Let l = p + -78. What is the remainder when 20 is divided by l?
6
Suppose 81*s - 101*s + 83902 = 71*s. Calculate the remainder when s is divided by 241.
199
Suppose 176 = 31*k - 723. Calculate the remainder when 110 is divided by k.
23
What is the remainder when 201 is divided by 428/9 - (-188)/423?
9
Let h be (-9 - -4)/15*9. What is the remainder when 105 + (3 - (-21)/(-9))*h is divided by 21?
19
Let v = 169 + -169. Calculate the remainder when 18 is divided by 6 + -3 + (0 - (-1 - v)).
2
Suppose -p = n - 10, -25 = 4*p - 5*p - 4*n. Suppose -4*t + 258 - 32 = -2*x, -p*x = t - 84. Calculate the remainder when 117 is divided by t.
58
Let l(k) = -168*k - 980. What is the remainder when 131 is divided by l(-6)?
19
Let k = 7682 - 7621. What is the remainder when 131 is divided by k?
9
Let d(a) = 2*a**3 - 5*a**2 - 24*a + 98. Let x be d(4). Suppose 498 - x = 14*r. Calculate the remainder when 319 is divided by r.
31
Suppose 48*w + 4612 = 53*w + 3*d, -4*d - 4 = 0. Calculate the remainder when w is divided by 9.
5
Suppose -i - 120 = -383. Let t = i - 254. What is the remainder when 60 is divided by t?
6
Let t(i) = -i**3 - 31*i**2 + i + 43. Suppose -363 = 21*n + 288. What is the remainder when 2/(-7) - 494/(-14) is divided by t(n)?
11
Let d(j) = 31*j - 504. Calculate the remainder when 366 is divided by d(17).
21
Let q = 3955 - 3772. What is the remainder when 554 is divided by q?
5
Suppose 3*t - 336 = 3*l, -3*t - l = 4*l - 296. Let v = t + -90. Calculate the remainder when (-195)/(-3) + -4 + -1 is divided by v.
9
Suppose 2*i - 5*r - 209 = 0, -5*i - 11*r + 4*r = -386. What is the remainder when 768 is divided by i?
72
Let h(k) = 14*k - 12. Calculate the remainder when 157 is divided by h(5).
41
Let f be 0/(-6*(-1)/(-2)). Suppose 205*s - 206*s + 24 = f. What is the remainder when 68 is divided by s?
20
Suppose 2*j - 532 = -2*j. Suppose 0 = -388*m + 333*m + 825. Calculate the remainder when j is divided by m.
13
Let z(u) = 2*u - 2. Let x = 1884 - 1862. What is the remainder when z(21) is divided by x?
18
Let g(s) be the first derivative of -s**4/4 + 5*s**3/3 + 21*s**2/2 + 3*s - 5. What is the remainder when g(-4) is divided by 4/(-1)*(-12)/3?
15
Suppose 22366 = 12*c + 2783 - 16057. What is the remainder when c is divided by 11?
0
Let k = -18684 + 18720. Calculate the remainder when 863 is divided by k.
35
Let c(k) = 172*k**2 + 20*k - 22. What is the remainder when c(1) is divided by 50?
20
Let y = 3 - 1. Suppose -5*h = -23 + 13. Suppose -y*i + 3*i - 3*v = 17, i + 3 = -h*v. Calculate the remainder when 34 is divided by i.
4
Let b = -15 + 32. Let g(c) = -c**3 - 9*c**2 - 7*c + 11. Let m be g(-8). Let a = 3 + m. Calculate the remainder when b is divided by a.
5
Let p(s) = -s**2 - 930*s - 28577. What is the remainder when p(-32) is divided by 2/2*-1 + 81?
79
Let a(g) = -36*g**3 + 3*g**2 + 13*g + 3. What is the remainder when a(-2) is divided by 255?
22
Suppose 0 = 2*c - 177 + 39. Suppose -4*i + 4 = 0, 2*r + 18 = 5*i + 71. Calculate the remainder when c is divided by r.
11
Let b(i) = -2*i**2 + 93*i - 126. Let r(a) = 52*a. Calculate the remainder when r(1) is divided by b(45).
7
Suppose 3*h = 6, -2*g + h = -3*h. Let i = g - -62. Calculate the remainder when 195 is divided by i.
63
Let l(w) = 59*w - 1240. What is the remainder when l(28) is divided by 201?
10
What is the remainder when 93 is divided by 1/2*(-43 + -29)*-2?
21
Let c be 3 + (2 - -9) + 3. Suppose -2*h + 35 = c. Let u = -130 + 201. What is the remainder when u is divided by h?
8
Let h(r) = -r**3 + 23*r**2 - 21*r + 21. Let o be h(22). Let s = -27 + o. Suppose -31 = -3*b - 4. What is the remainder when s is divided by b?
7
Suppose -4*i + i = 6. Let o = -888 - -896. What is the remainder when 6/i*31/(-3) is divided by o?
7
Suppose -h = -22 + 20. Suppose 3*t + 2*t = 2*x + 113, h*t = 2*x + 50. Let f(q) = 8*q + 8. What is the remainder when f(9) is divided by t?
17
Suppose -5*v = -3*r + 876, 4*v + 5*r = 447 - 1170. Let y = v - -188. Calculate the remainder when y is divided by 5.
1
Let u 